{"id":2,"date":"2020-08-26T13:57:38","date_gmt":"2020-08-26T11:57:38","guid":{"rendered":"https:\/\/www.my-watchsite.fr\/blog\/?page_id=2"},"modified":"2021-03-16T18:08:20","modified_gmt":"2021-03-16T17:08:20","slug":"homepage","status":"publish","type":"page","link":"https:\/\/www.my-watchsite.fr\/blog\/homepage\/","title":{"rendered":"Homepage"},"content":{"rendered":"","protected":false},"excerpt":{"rendered":"","protected":false},"author":1,"featured_media":0,"parent":0,"menu_order":0,"comment_status":"closed","ping_status":"open","template":"","meta":{"footnotes":""},"acf":[],"yoast_head":"<!-- This site is optimized with the Yoast SEO plugin v20.4 - https:\/\/yoast.com\/wordpress\/plugins\/seo\/ -->\n<title>Tout l&#039;univers du Luxe, des montres et du Lifestyle - MyWatch Site<\/title>\n<meta name=\"description\" content=\"L&#039;univers du vrai luxe : le temps r\u00e9invent\u00e9 autour de l&#039;art de vivre et des montres. Un vrai magazine Lifestyle \u00e9crit par des journalistes.\" \/>\n<meta name=\"robots\" content=\"index, follow, max-snippet:-1, max-image-preview:large, max-video-preview:-1\" \/>\n<link rel=\"canonical\" href=\"https:\/\/www.my-watchsite.fr\/\" \/>\n<meta property=\"og:locale\" content=\"fr_FR\" \/>\n<meta property=\"og:type\" content=\"article\" \/>\n<meta property=\"og:title\" content=\"Tout l&#039;univers du Luxe, des montres et du Lifestyle - MyWatch Site\" \/>\n<meta property=\"og:description\" content=\"L&#039;univers du vrai luxe : le temps r\u00e9invent\u00e9 autour de l&#039;art de vivre et des montres. Un vrai magazine Lifestyle \u00e9crit par des journalistes.\" \/>\n<meta property=\"og:url\" content=\"https:\/\/www.my-watchsite.fr\/\" \/>\n<meta property=\"og:site_name\" content=\"MyWatch FR\" \/>\n<meta property=\"article:publisher\" content=\"https:\/\/www.facebook.com\/mywatchsite\/\" \/>\n<meta property=\"article:modified_time\" content=\"2021-03-16T17:08:20+00:00\" \/>\n<meta name=\"twitter:card\" content=\"summary_large_image\" \/>\n<meta name=\"twitter:site\" content=\"@mywatchsite\" \/>\n<script type=\"application\/ld+json\" class=\"yoast-schema-graph\">{\"@context\":\"https:\/\/schema.org\",\"@graph\":[{\"@type\":\"WebPage\",\"@id\":\"https:\/\/www.my-watchsite.fr\/blog\/homepage\/\",\"url\":\"https:\/\/www.my-watchsite.fr\/\",\"name\":\"Tout l'univers du Luxe, des montres et du Lifestyle - MyWatch Site\",\"isPartOf\":{\"@id\":\"https:\/\/www.my-watchsite.fr\/blog\/#website\"},\"datePublished\":\"2020-08-26T11:57:38+00:00\",\"dateModified\":\"2021-03-16T17:08:20+00:00\",\"description\":\"L'univers du vrai luxe : le temps r\u00e9invent\u00e9 autour de l'art de vivre et des montres. Un vrai magazine Lifestyle \u00e9crit par des journalistes.\",\"breadcrumb\":{\"@id\":\"https:\/\/www.my-watchsite.fr\/#breadcrumb\"},\"inLanguage\":\"fr-FR\",\"potentialAction\":[{\"@type\":\"ReadAction\",\"target\":[\"https:\/\/www.my-watchsite.fr\/\"]}]},{\"@type\":\"BreadcrumbList\",\"@id\":\"https:\/\/www.my-watchsite.fr\/#breadcrumb\",\"itemListElement\":[{\"@type\":\"ListItem\",\"position\":1,\"name\":\"Accueil\",\"item\":\"https:\/\/www.my-watchsite.fr\/blog\/\"},{\"@type\":\"ListItem\",\"position\":2,\"name\":\"Homepage\"}]},{\"@type\":\"WebSite\",\"@id\":\"https:\/\/www.my-watchsite.fr\/blog\/#website\",\"url\":\"https:\/\/www.my-watchsite.fr\/blog\/\",\"name\":\"MyWatch FR\",\"description\":\"Make Time a Lifestyle\",\"potentialAction\":[{\"@type\":\"SearchAction\",\"target\":{\"@type\":\"EntryPoint\",\"urlTemplate\":\"https:\/\/www.my-watchsite.fr\/blog\/?s={search_term_string}\"},\"query-input\":\"required name=search_term_string\"}],\"inLanguage\":\"fr-FR\"}]}<\/script>\n<!-- \/ Yoast SEO plugin. -->","yoast_head_json":{"title":"Tout l'univers du Luxe, des montres et du Lifestyle - MyWatch Site","description":"L'univers du vrai luxe : le temps r\u00e9invent\u00e9 autour de l'art de vivre et des montres. Un vrai magazine Lifestyle \u00e9crit par des journalistes.","robots":{"index":"index","follow":"follow","max-snippet":"max-snippet:-1","max-image-preview":"max-image-preview:large","max-video-preview":"max-video-preview:-1"},"canonical":"https:\/\/www.my-watchsite.fr\/","og_locale":"fr_FR","og_type":"article","og_title":"Tout l'univers du Luxe, des montres et du Lifestyle - MyWatch Site","og_description":"L'univers du vrai luxe : le temps r\u00e9invent\u00e9 autour de l'art de vivre et des montres. Un vrai magazine Lifestyle \u00e9crit par des journalistes.","og_url":"https:\/\/www.my-watchsite.fr\/","og_site_name":"MyWatch FR","article_publisher":"https:\/\/www.facebook.com\/mywatchsite\/","article_modified_time":"2021-03-16T17:08:20+00:00","twitter_card":"summary_large_image","twitter_site":"@mywatchsite","schema":{"@context":"https:\/\/schema.org","@graph":[{"@type":"WebPage","@id":"https:\/\/www.my-watchsite.fr\/blog\/homepage\/","url":"https:\/\/www.my-watchsite.fr\/","name":"Tout l'univers du Luxe, des montres et du Lifestyle - MyWatch Site","isPartOf":{"@id":"https:\/\/www.my-watchsite.fr\/blog\/#website"},"datePublished":"2020-08-26T11:57:38+00:00","dateModified":"2021-03-16T17:08:20+00:00","description":"L'univers du vrai luxe : le temps r\u00e9invent\u00e9 autour de l'art de vivre et des montres. Un vrai magazine Lifestyle \u00e9crit par des journalistes.","breadcrumb":{"@id":"https:\/\/www.my-watchsite.fr\/#breadcrumb"},"inLanguage":"fr-FR","potentialAction":[{"@type":"ReadAction","target":["https:\/\/www.my-watchsite.fr\/"]}]},{"@type":"BreadcrumbList","@id":"https:\/\/www.my-watchsite.fr\/#breadcrumb","itemListElement":[{"@type":"ListItem","position":1,"name":"Accueil","item":"https:\/\/www.my-watchsite.fr\/blog\/"},{"@type":"ListItem","position":2,"name":"Homepage"}]},{"@type":"WebSite","@id":"https:\/\/www.my-watchsite.fr\/blog\/#website","url":"https:\/\/www.my-watchsite.fr\/blog\/","name":"MyWatch FR","description":"Make Time a Lifestyle","potentialAction":[{"@type":"SearchAction","target":{"@type":"EntryPoint","urlTemplate":"https:\/\/www.my-watchsite.fr\/blog\/?s={search_term_string}"},"query-input":"required name=search_term_string"}],"inLanguage":"fr-FR"}]}},"_links":{"self":[{"href":"https:\/\/www.my-watchsite.fr\/blog\/wp-json\/wp\/v2\/pages\/2"}],"collection":[{"href":"https:\/\/www.my-watchsite.fr\/blog\/wp-json\/wp\/v2\/pages"}],"about":[{"href":"https:\/\/www.my-watchsite.fr\/blog\/wp-json\/wp\/v2\/types\/page"}],"author":[{"embeddable":true,"href":"https:\/\/www.my-watchsite.fr\/blog\/wp-json\/wp\/v2\/users\/1"}],"replies":[{"embeddable":true,"href":"https:\/\/www.my-watchsite.fr\/blog\/wp-json\/wp\/v2\/comments?post=2"}],"version-history":[{"count":2,"href":"https:\/\/www.my-watchsite.fr\/blog\/wp-json\/wp\/v2\/pages\/2\/revisions"}],"predecessor-version":[{"id":7117,"href":"https:\/\/www.my-watchsite.fr\/blog\/wp-json\/wp\/v2\/pages\/2\/revisions\/7117"}],"wp:attachment":[{"href":"https:\/\/www.my-watchsite.fr\/blog\/wp-json\/wp\/v2\/media?parent=2"}],"curies":[{"name":"wp","href":"https:\/\/api.w.org\/{rel}","templated":true}]}}